+ 35*z + 10. Let f(x) = 11*j(x) - 6*q(x). What is f(-20)?
-8
Let u(f) = f**3 - 13*f**2 + f - 13. Suppose 16*q = 2454 + 810. Let p = q - 191. Calculate u(p).
0
Let y(k) = -k. Suppose -2*i = 5*g - 7*i - 25, -5*g + 2*i + 16 = 0. Suppose g*q - 4 = -4*j, -2*j = -8*q + 4*q + 8. What is y(j)?
0
Let k(n) = 697916*n - 697911*n - 40 + 113. Calculate k(-16).
-7
Let k(s) be the first derivative of s**4/4 + 2*s**3 - s**2 - 2*s + 64070. Let y be 13/(-2) + 1/2. Calculate k(y).
10
Let m = -4348 - -4341. Let o(y) = -y**3 - 6*y**2 + 4*y - 6. Determine o(m).
15
Let g = 465 + -468. Let u(p) = 2 - 2 - 1. Let n(q) = -q - 1. Let b(w) = -3*n(w) + 2*u(w). Determine b(g).
-8
Let o(w) = -19018492*w + w**3 + 13 + 19018492*w - 6*w**2. Give o(0).
13
Let w(h) = -1 + h + 2*h**2 + 0 + 2. Let z(g) = g**3 + 23*g**2 + 136*g + 42. Let f be z(-11). Determine w(f).
7
Let x = -205 - -282. Let w = x - 72. Let n(u) = u**2 - 3*u + 5. What is n(w)?
15
Let a(c) = 88*c - 47*c - 40*c. What is a(-5)?
-5
Let c(u) be the first derivative of -u**5/120 + u**4/24 + 77*u**3/3 + 55. Let m(w) be the third derivative of c(w). Let i be (-4 + 3)/((-1)/6). What is m(i)?
-5
Let m(d) = 3*d - 10. Let l(w) = w - 6. Let f(y) = 5*l(y) - 3*m(y). Let x(u) = -4*u - 5. Let v be x(-2). Let q be ((-4)/v)/((-2)/3). Determine f(q).
-8
Let s(t) = -t**3 + 2*t + 3. Let y(n) = 10*n - 10. Let w be y(5). Let h = w - 26. Suppose -2*b - h = 5*b. Give s(b).
7
Let m be ((-314)/(-4))/((-88)/16 + 5). Let o = m - -152. Let j(t) = -t**3 - 6*t**2 - t + 3. Give j(o).
-17
Let s = 8 - 11. Let u = -4 - s. Let v(r) be the second derivative of r**3/3 + 717*r. Determine v(u).
-2
Let k(o) be the third derivative of 3*o**4/4 - 9*o**3 + 323*o**2 - 2*o + 1. What is k(0)?
-54
Suppose -3*k = -g + 17, 34*g + 3*k + 2*k = 43. Let y(v) be the first derivative of 2/3*v**3 - v**g - 27 + v. What is y(1)?
1
Let b be (8 - 11)*8/(-6). Let w(g) = -5 - 6*g + b*g - 4. Suppose 34*z - 134*z = 600. What is w(z)?
3
Let p(j) = -38*j**2 + 17*j - 70. Let m(f) = -23*f**2 + 9*f - 40. Let d(a) = 5*m(a) - 3*p(a). Calculate d(2).
-6
Let g(h) = h**3 - 3*h**2 - 2*h + 1. Let x(v) = v + 1. Let y(l) = -2*l - 5. Let o(s) = 6*x(s) - y(s). Suppose -13*q - 8*q = 21. Let r be o(q). Give g(r).
-5
Suppose 4*l - 26 = -k, -11 - 23 = -5*l - 2*k. Let o be (-16)/12*(3 + (-27)/l). Let r(i) = i - 2. Calculate r(o).
0
Let i(v) be the third derivative of -v**4/24 - 10*v**3/3 - 6*v**2. Suppose 3*j + 14*s + 31 = 16*s, 5*j = 2*s - 61. Determine i(j).
-5
Let t(n) = 65*n - 3 - 60*n - 2*n**3 + 4*n**2 + n**3. Let o(x) = x**3 + 27*x**2 + 27*x + 30. Let i be o(-26). What is t(i)?
17
Let n = 95775 + -95779. Let v(x) be the second derivative of x**5/20 + x**4/3 + x**3/6 + 3*x**2/2 + x. Determine v(n).
-1
Let z be -5 - 2/(6/(-243)). Let k = -68 + z. Let m(u) = u**3 - 8*u**2 + u - 5. Calculate m(k).
3
Let l(r) = -r + 8. Let p(o) = o**3 - 5*o**2 - 13*o - 7. Let j be 4*3 + 5/(-5) - 4. Let v be p(j). Calculate l(v).
8
Suppose o = -4*t + 33, 0 = -5*o - 5*t + 99 + 6. Suppose -o + 67 = -5*q. Let r(k) = -k**2 - 10*k + 3. What is r(q)?
3
Let y(s) = -644*s**2 + 71*s**3 - 639*s**2 - s - 1 + 1284*s**2. Calculate y(-1).
-70
Let z be ((-2)/(-36)*-3)/((-25)/2550). Let g(o) = o**2 - 42*o + 429. Calculate g(z).
4
Suppose 0 = 2*s - 8 - 0, 3*s = -m + 8. Let p(n) = 0*n**2 - 43*n**2 + 2*n**2 + 50*n**2 + 2*n - 3*n**2 + 4 + n**3. What is p(m)?
28
Let s(n) = n - 33. Let a(c) = 24*c**3 - 8*c**2 - 3*c + 8. Let k be a(1). Determine s(k).
-12
Let h(k) = -k + 11. Let l be h(-8). Let n = l - 12. Let s(p) = 51*p - p**2 - 24*p - 7 - 20*p. Give s(n).
-7
Let s(y) be the third derivative of 0*y + 85*y**2 - y**3 + 1/24*y**4 + 0. Suppose w = -2*w + 9. Determine s(w).
-3
Suppose 4*h + 5*r - 2 + 3 = 0, r - 7 = h. Let u(f) = f**2 + 14*f + 16. Let z(x) = -x**2 - 14*x - 17. Let w(p) = h*z(p) - 3*u(p). Give w(-12).
-4
Let g(i) = -11*i**2 + 10*i + 17. Let b(z) = -5*z**2 + 5*z + 8. Let o = 662 + -658. Let m(q) = o*g(q) - 9*b(q). Let r = -6 - -11. Determine m(r).
-4
Let x(j) be the third derivative of -j**5/60 + j**4/12 + 73*j**3/6 - 2*j**2 + 68*j - 15. Calculate x(-7).
10
Let k(f) be the third derivative of 0*f + 1/6*f**3 + 0 + 0*f**5 + 1/12*f**4 - 232*f**2 - 17/120*f**6. Let z(b) = -b**2 + b + 1. Let o be z(2). Determine k(o).
16
Let v be (3165/3)/((-4)/(-3 - 1)). Suppose -k + 0*k + 275 = 3*x, 3*x - v = -4*k. Let z be k/(-60) + 1/3. Let d(q) = q + 2. Calculate d(z).
-2
Let f(n) = n**3 + 11*n**2 + 24*n + 3. Suppose 372*p - 15 = 377*p. Give f(p).
3
Suppose -5*z + 2*z + 87 = 0. Suppose -5*r = -z + 74. Let g(d) = -2*d**2 - 14*d + 30. Let s be g(r). Let l(p) = p. Determine l(s).
-6
Let j(n) = n**3 - n**2 + n + 8. Let o be j(0). Let z(p) = 5*p - 14. Let v be z(o). Let w(i) = 21*i + v*i - 50*i - 1. What is w(1)?
-4
Suppose -s = -2*f + 8, -5*s = -2*f - 10 + 50. Let v(b) be the first derivative of b**4/4 + 3*b**3 + 9*b**2/2 + 3*b - 1796. Calculate v(s).
-5
Let n(q) be the first derivative of -4*q**2 - 8*q + 969. What is n(-2)?
8
Let p(r) be the third derivative of r**6/120 + r**5/60 + r**4/12 + 4*r**3/3 + 1019*r**2. What is p(0)?
8
Let m(k) = -2*k - 3. Suppose -469*g - 24 = -470*g. Suppose -p - 4*w - g = 0, -p + 0*w - 28 = 5*w. Determine m(p).
13
Let p(r) be the first derivative of r**6/120 + r**5/12 - r**4/8 + r**3/3 - 27*r**2 + 17. Let z(b) be the second derivative of p(b). Calculate z(-3).
29
Let g(w) = -3*w**2 - 3*w + 11. Let y be ((-261)/(-18))/(-29)*8. Give g(y).
-25
Let i(j) = j**2 + 36*j - 135. Let q = -17533 + 17494. Calculate i(q).
-18
Let s(p) = -12*p**3 + p + 11*p**3 - 7*p + 8*p - 10*p**2 - 12 - 17*p. Calculate s(-9).
42
Let m = 135 + -133. Let g(q) = -q - 118*q**m + 242*q**2 - 123*q**2 + 6. Give g(0).
6
Let h(q) be the first derivative of 3*q**2/2 + 5*q - 2464. What is h(4)?
17
Suppose 419820*h - 419830*h = -90. Let x(i) be the first derivative of i**4/4 - 10*i**3/3 + 7*i**2/2 + 11*i - 1. Give x(h).
-7
Let r(k) = -65*k**3 + 8*k**2 + 2. Let s(o) = 49*o**3 - 7*o**2 - 1. Let t(w) = 3*r(w) + 4*s(w). Suppose -f = f - 16. Let m = -5 + f. Calculate t(m).
-7
Let z(k) = 68*k**3 - 7*k**3 - 9 - 49*k - 5*k**3 - 57*k**3 - 14*k**2. Give z(-8).
-1
Let o(k) be the second derivative of k**3/3 - 3*k**2 + 3*k. Let n = -48378 + 48371. Determine o(n).
-20
Suppose -6*y + y = -4*r - 4, 5*y = -2*r - 2. Let j be r/(-10) - (-1015)/350. Let m(b) = 3*b**2 - 6*b - 4. Determine m(j).
5
Let s = -445 + 442. Let w(h) = -4*h + 2. Let o(f) = 7*f - 4. Let t(p) = s*o(p) - 5*w(p). Calculate t(-14).
16
Let w(r) be the second derivative of -r**4/12 - 23*r**3/6 - 48*r**2 - 5943*r. Calculate w(-16).
16
Let u(f) = -182 + 4968*f**2 - 4967*f**2 + 4*f + 190. What is u(-7)?
29
Let y(s) = -6*s**2 - 1. Let q(h) = h**3 + 36*h**2 + 4*h + 28. Let o(x) = -q(x) - 5*y(x). Calculate o(-6).
1
Let s(t) = t**3 + t**2 - 4*t - 4. Let u be -2*(-5 - (-36)/8)*13. Let m(j) = -j**3 + 15*j**2 - 29*j + 36. Let q be m(u). What is s(q)?
-10
Let m(v) = v**2 + v + 5. Let r be (466 - 466)/(-3*1). Determine m(r).
5
Let y(v) be the third derivative of -v**6/120 + v**5/12 + 3*v**4/8 - 4*v**3/3 + 19*v**2. Let t(x) = x**3 - 5*x**2 - 25*x + 14. Let k be t(8). What is y(k)?
10
Suppose 3*j + 5 = 4*y, -7*j = -4*y - 5*j + 6. Let c(x) = -12*x**2 + x**3 - 6 - y*x - 9*x**2 + 22*x**2 + 4*x**2. What is c(-5)?
4
Let c(h) = 2*h**3 + 2*h**2 - h - 2. Let j(x) = 76*x - 26. Let m be j(3). Let g be -1 + m/(-6) + 20/30. Let p = g + 32. Give c(p).
-8
Let g(j) = 4*j - 38. Let w(b) = -2*b**2 - 146*b + 768. Let t be w(-78). What is g(t)?
-86
Let q(x) = -10*x - 103. Let d be q(-11). Let f(t) = -8 + 116*t**2 - d*t - 56*t**2 - 59*t**2. Calculate f(9).
10
Let o(k) be the first derivative of -7*k**2/2 - 41*k - 2821. Determine o(-8).
15
Let s = 101 + -98. Let m(a) = 9 - 7 - s*a - 6 + 2*a. Let z = -1 - 3. Determine m(z).
0
Let j(y) = -4 + 5*y - 7*y - 7*y - 9*y + 3*y + y**2. Give j(13).
-30
Let o be -4 + -2 + 9 + 194/1. Let n = o + -194. Let b(l) = l**3 - 3*l**2 + 3*l + 1. Calculate b(n).
10
Let o(u) = -u**3 + 16*u**2 - 14*u - 5. Let l be 75/(-2)*(-98)/245. Calculate o(l).
10
Suppose 4 + 6 = -2*l. Let h(b) = 2*b**3 - 21*b**2 + 12*b + 21. Let c(f) = f**3 - 11*f**2 + 6*f + 11. Let a(s) = l*c(s) + 3*h(s). What is a(6)?
-28
Suppose -3 = h + 1. Let v(g) be the first derivative of g**4/4 + 4*g**3/3 - g**2 - 6*g - 1691. Let z be v(h). Let u(d) = 5